 0, -r - r = -z*u - 26. List the prime factors of (-69)/(-9) - (-4)/u.
7
Suppose 5*a = -7*v + 8*v + 967, 5*v = 15. What are the prime factors of a?
2, 97
Let a(x) = 15*x. Let k(l) = -37*l + 2. Let s(p) = 55*p - 3. Let w(i) = -7*k(i) - 5*s(i). Let m(q) = -4*a(q) - 3*w(q). What are the prime factors of m(-2)?
3, 7
Let o(j) = j**3 - j + 43. List the prime factors of o(0).
43
Let y(g) = g**2 + 6*g + 44. List the prime factors of y(-14).
2, 3, 13
Suppose -49 = -5*u - 14. Suppose b - 9 = u. What are the prime factors of b?
2
Let a(f) = -29*f + 1. Let i be a(-1). Let u = -13 + i. List the prime factors of u.
17
Suppose -5*l + 63 = 2*m, 2*m - 141 + 38 = 3*l. List the prime factors of m.
2, 11
Suppose 0 = 2*p - 4*p - 942. What are the prime factors of 8/12 + p/(-9)?
53
Let p = 0 - 0. Suppose -l + 3 = q, 2*q - 12 = -4*l - p*q. What are the prime factors of l?
3
Let u(j) = j**2 + 6*j - 2. Let w(p) = -p. Let k(a) = -u(a) + 2*w(a). List the prime factors of k(-4).
2, 3
Let m be 7/5 - 2/5. Let v be 36/(-3)*m/(-2). Suppose 0 = 5*w - v - 19. What are the prime factors of w?
5
What are the prime factors of (-6)/9 + (-240)/(-9)?
2, 13
Suppose -4 = -0*l + 2*l, 37 = -3*h - 5*l. Let r = -3 - h. What are the prime factors of r?
2, 3
Let g(p) = p**2 - 14*p + 1. Let i be g(13). Suppose -5*x - 4*q - 88 = -7, -x = -3*q + 20. Let o = i - x. List the prime factors of o.
5
Let f be 1 - 2 - (4 - -1). Let s be 6/(-9) + (-4)/f. List the prime factors of 0 + s + 1 + 1.
2
Suppose -21 + 61 = 2*s. Let t be s/2*(-36)/15. Let z = -9 - t. List the prime factors of z.
3, 5
Let q(x) = -x. What are the prime factors of q(-6)?
2, 3
Suppose -3*c + 71 = 32. List the prime factors of c.
13
Let q(a) = -a**3 + 5*a**2 + 6*a. Let l be q(6). Let d be (1/(-3) + 0)*-6. Let b = d + l. What are the prime factors of b?
2
Suppose -5*n = -7*n - 4*k + 4, -2*k = -5*n + 22. Suppose -u + 32 = -3*i - 8, n*u = 4*i + 120. List the prime factors of u.
5
Let u = 39 + -15. Suppose -44 - u = -2*f. What are the prime factors of f?
2, 17
Suppose -6*g = -2*g - 12. Suppose -23 = 4*a - g*t, 4*t - 11 = -a + 7. Let u(p) = -2*p - 1. What are the prime factors of u(a)?
3
Let z = -15 + 30. Let c = -11 + z. What are the prime factors of c?
2
What are the prime factors of 448/5 + 14/35?
2, 3, 5
Suppose 2*f + 5*s = 19, 0*f + 2*s = -2*f + 28. List the prime factors of f.
17
Let a(j) = 3*j**2 + 33*j. Let r(z) = 2*z**2 + 22*z. Let q(g) = -5*a(g) + 7*r(g). Let y be q(-9). What are the prime factors of 2/3*(y + -3)?
2, 5
Let x(u) = u**3 - 3*u + 3. Let m be x(2). Suppose -2*p = -m*p + 120. Suppose -4*d + 16 = -p. What are the prime factors of d?
2, 7
Let i(t) = -2*t - 2. Let d(s) = -s. Let m(g) = d(g) - i(g). Let h be m(3). List the prime factors of ((-2)/4)/(h/(-70)).
7
Suppose -3*p + 4*p - 7 = 0. Suppose -w = v - 14, -4*v - 2 - 8 = -2*w. Let i = w + p. What are the prime factors of i?
2, 3
Suppose 3*i = 3*l + 111, -5*i - l + 185 = -0*l. List the prime factors of i.
37
Let a be 4/6*-6*1. Let o be ((-5)/2)/(2/a). Suppose -2*r + 2*k + 24 = 0, -r - 3*k = o - 1. What are the prime factors of r?
2
List the prime factors of (-35 + -1)*(-20)/80.
3
Let u(t) = t**2 + 3*t + 1. Let y be u(-3). Suppose 9 = 2*k + y. List the prime factors of k.
2
Let t(f) = -71*f + 15. List the prime factors of t(-5).
2, 5, 37
Let m(y) = -y - 3. Let o be m(-3). Let n(u) = -1 + 10 - u + 0. List the prime factors of n(o).
3
Suppose 3*t + 21 = 3*i - t, 3*t + 35 = 5*i. List the prime factors of (i - 3)/(-2) - -34.
2
Let k(g) = g**3 + 5*g + 0*g + 2 - g**2 - 3*g - g**2. List the prime factors of k(3).
17
Let f = -80 - -186. List the prime factors of f.
2, 53
Suppose -3*v = -4*q - 474, -6*v - 2*q + 474 = -3*v. List the prime factors of v.
2, 79
Let x = -5 - -8. Suppose -2*g + g + 2*y = -15, x*g = y + 30. What are the prime factors of g?
3
Let n(t) = t**3 + 4*t**2 + 3*t + 2. Let f be n(-3). Suppose 0*h - 2*l = h + f, 4*h + 3*l - 2 = 0. What are the prime factors of h?
2
Let c(w) be the second derivative of -w**5/20 - w**4/3 - w**3/6 + 2*w**2 + w. Let g be c(-4). Let h = 3 + g. What are the prime factors of h?
11
Let p(f) = 1. Let x(l) = l**2 + 2*l + 8. Let u(g) = -6*p(g) + x(g). List the prime factors of u(-7).
37
List the prime factors of (17 - 9)*1*2.
2
Let a(v) = -v**2 - 11*v + 12. Let t = -7 - -5. Let q(i) = 3*i**2 + 22*i - 24. Let s(b) = t*q(b) - 5*a(b). List the prime factors of s(9).
2, 3
Suppose 4*c - 70 = -k + c, 0 = 5*k - 5*c - 250. What are the prime factors of k?
5, 11
Let j = -6 - -9. Suppose -4*n = -24 + 8. Suppose 0 = -4*k - r - n*r + j, 0 = 2*k - r - 5. List the prime factors of k.
2
Let d(u) = -u**2 + 9*u + 4. List the prime factors of d(8).
2, 3
Suppose 0 = 6*n + 27 - 153. What are the prime factors of n?
3, 7
Let i(j) = -j**2 + 6*j - 5. Let t be i(4). Let w = 6 - t. What are the prime factors of w?
3
Let n = -83 - -119. What are the prime factors of n?
2, 3
Let y = -1 + 1. Suppose 5*d - 35 - 10 = y. List the prime factors of d.
3
Let g(b) = 5*b + 1. List the prime factors of g(15).
2, 19
Let c(q) be the first derivative of -q**2/2 + 8*q + 1. Let w(h) = -h**2 - 8*h + 20. Let p be w(-10). What are the prime factors of c(p)?
2
Suppose 40 + 32 = 4*d. List the prime factors of d.
2, 3
What are the prime factors of 230/((2/4)/(6/12))?
2, 5, 23
Let w(p) be the second derivative of p**3/2 + 2*p. List the prime factors of w(2).
2, 3
Let i(k) = k**2 - 4*k - 3. Let n be i(-7). Suppose n = -4*u + 6*u. What are the prime factors of u?
37
Let i = 5 - 3. Suppose 4*x + 5 = 5*x, -130 = -5*f - i*x. List the prime factors of f.
2, 3
Let b(h) be the first derivative of h**3/3 - h**2/2 + 50*h - 1. Let t be b(0). Suppose 5*g - t = -3*w, -3*w - 2*g + 13 + 25 = 0. List the prime factors of w.
2, 5
Let g(y) = 2*y**2 + 3*y - 1. Let h = -7 - -11. Suppose -7 - 5 = h*b. What are the prime factors of g(b)?
2
Suppose -5*p = -8 + 3, 895 = 4*h + 3*p. What are the prime factors of h?
223
What are the prime factors of (-5 - -19)/(3/111*2)?
7, 37
Suppose 0 = -4*o - 3*i + 82, 2*o + i + 3*i - 36 = 0. Let a = -15 + o. What are the prime factors of a?
7
Let z(p) = -18*p + 17. List the prime factors of z(-7).
11, 13
Let y be 3/(-3) + 3 + -1. Suppose 11 - y = 5*i. Suppose 3*o = i*o + 10. List the prime factors of o.
2, 5
Suppose -3*h - 4*a + 185 = a, 4*h + 5*a - 240 = 0. What are the prime factors of h?
5, 11
Let l(f) be the second derivative of -5*f**3/6 - f**2/2 - 2*f. What are the prime factors of l(-3)?
2, 7
Let q(y) = 2*y**2 + 7*y + 5. Let j be q(-4). Suppose 0 = -a - j + 24. What are the prime factors of a?
3, 5
Let o(w) = 44*w - 8. What are the prime factors of o(9)?
2, 97
Let n(m) = -m**3 - 9*m**2 - 10*m - 6. List the prime factors of n(-8).
2, 5
Let r be 0/2 - (3 + 0). Let k = r - -4. What are the prime factors of 1/(k*1/6)?
2, 3
Let d be -5 + (0 - -2 - 0). Let n = d + 6. Suppose n*c + 0*c - 18 = 0. List the prime factors of c.
2, 3
Let x = 0 - -7. Let c be x + (0 + 0 - 2). Suppose -2*j = c*r - 44, -4*j + 2*r + 3*r = -28. List the prime factors of j.
2, 3
Let n(y) = -y**3 + 2*y**2 + 4*y + 1. Let m be ((-12)/(-10))/(2/5). List the prime factors of n(m).
2
Suppose -7*s - 211 + 1324 = 0. What are the prime factors of s?
3, 53
Suppose -9 = -3*y, -5*y = p - 35 - 60. What are the prime factors of p?
2, 5
Let n = 153 + -5. What are the prime factors of n?
2, 37
Let b = -5 - 10. Let f = b + 19. What are the prime factors of f?
2
Let w be 0/(3 - (3 - 1)). Let b(s) = -s + 3. Let v be b(w). Suppose -h = -4*r + 14, -v*r = 5*h - 5 - 17. What are the prime factors of h?
2
Let t(w) = -w**2 - 5*w + 5. Let k be t(-7). Let g = k - -34. List the prime factors of g.
5
Suppose -3*g + 5*v - 6 = 0, 4 + 2 = -2*g + 4*v. Suppose -g*k - 4*x = x - 26, 0 = 5*k - x - 62. Suppose k = 2*b - 8. List the prime factors of b.
2, 5
Suppose 2*g + 1 = -29. Let q = -6 - g. List the prime factors of q.
3
Let t = 73 + -23. List the prime factors of t.
2, 5
Let l be 6 + -1*(-1 - -2). Suppose -50 = l*k - 10*k. What are the prime factors of k?
2, 5
What are the prime factors of (-1)/(-6) + 203/6?
2, 17
Let k = 9 - 7. Suppose -k*s = -7*s + 80. What are the prime factors of s?
2
Suppose 3*i = -i + 144. Suppose i = -o - 2*o. Let x = -6 - o. What are the prime factors of x?
2, 3
Suppose 5*o = 5*w - 30, -4*o + 2 = 14. Suppo